{"id":5592,"date":"2021-03-25T16:22:42","date_gmt":"2021-03-25T16:22:42","guid":{"rendered":"https:\/\/www.atletica75.it\/wp2\/?page_id=5592"},"modified":"2022-08-10T17:11:14","modified_gmt":"2022-08-10T17:11:14","slug":"storia","status":"publish","type":"page","link":"https:\/\/www.atletica75.it\/wp2\/chi-siamo\/storia\/","title":{"rendered":"Storia"},"content":{"rendered":"<figure class=\"wp-block-post-featured-image\"><img loading=\"lazy\" width=\"960\" height=\"695\" src=\"https:\/\/www.atletica75.it\/wp2\/wp-content\/uploads\/2022\/08\/10481858_284658651719654_4447906312238028923_n.jpeg\" class=\"attachment-post-thumbnail size-post-thumbnail wp-post-image\" alt=\"\" decoding=\"async\" style=\"object-fit:cover;\" srcset=\"https:\/\/www.atletica75.it\/wp2\/wp-content\/uploads\/2022\/08\/10481858_284658651719654_4447906312238028923_n.jpeg 960w, https:\/\/www.atletica75.it\/wp2\/wp-content\/uploads\/2022\/08\/10481858_284658651719654_4447906312238028923_n-480x348.jpeg 480w\" sizes=\"(min-width: 0px) and (max-width: 480px) 480px, (min-width: 481px) 960px, 100vw\" \/><\/figure>\n\n\n<p><\/p>\n\n\n\n<p>Nasce proprio nel 1975 questa associazione sportiva che si occupa di ginnastica artistica, di atletica leggera e di podismo.<\/p>\n\n\n\n<p>Un gruppo di amici, appassionati per le gare podistiche decide di fondare una societ\u00e0 che si possa occupare anche dei pi\u00f9 giovani e che possa andare oltre le gare su strada.<\/p>\n\n\n\n<p>Iniziano cos\u00ec le prime esperienze con l\u2019atletica leggera, quella fatta non solo di corse, ma anche di salti, di lanci e di ostacoli; questa novit\u00e0 appassiona subito i ragazzi della zona che diventano subito protagonisti.<\/p>\n\n\n\n<figure class=\"wp-block-gallery has-nested-images columns-4 is-cropped wp-block-gallery-1 is-layout-flex wp-block-gallery-is-layout-flex\">\n<figure class=\"wp-block-image size-medium\"><img decoding=\"async\" loading=\"lazy\" width=\"300\" height=\"264\" data-id=\"7252\" src=\"https:\/\/www.atletica75.it\/wp2\/wp-content\/uploads\/2022\/08\/fondatori-1-300x264.jpeg\" alt=\"\" class=\"wp-image-7252\"\/><\/figure>\n\n\n\n<figure class=\"wp-block-image size-medium\"><img decoding=\"async\" loading=\"lazy\" width=\"204\" height=\"300\" data-id=\"7245\" src=\"https:\/\/www.atletica75.it\/wp2\/wp-content\/uploads\/2022\/08\/atto-costitutivo-204x300.jpeg\" alt=\"\" class=\"wp-image-7245\"\/><\/figure>\n\n\n\n<figure class=\"wp-block-image size-medium\"><img decoding=\"async\" loading=\"lazy\" width=\"203\" height=\"300\" data-id=\"7240\" src=\"https:\/\/www.atletica75.it\/wp2\/wp-content\/uploads\/2022\/08\/ercolessi-via-203x300.jpeg\" alt=\"\" class=\"wp-image-7240\"\/><\/figure>\n\n\n\n<figure class=\"wp-block-image size-medium\"><img decoding=\"async\" loading=\"lazy\" width=\"300\" height=\"201\" data-id=\"7250\" src=\"https:\/\/www.atletica75.it\/wp2\/wp-content\/uploads\/2022\/08\/struttura-300x201.jpeg\" alt=\"\" class=\"wp-image-7250\"\/><\/figure>\n<\/figure>\n\n\n\n<p>L\u2019atletica sente per\u00f2 l\u2019esigenza di avere un posto dove potersi allenare anche in inverno e dove poter affrontare una buona preparazione durante i mesi pi\u00f9 freddi. Proprio per questo tutti i componenti del neonato consiglio si rimboccano le maniche e con l\u2019appoggio delle istituzioni locali che concedono&nbsp; un lotto di terra nella zona stadio, si costruisce una palestra multiuso, in grado di ospitare decine di ragazzi.<\/p>\n\n\n\n<p>La nuova palestra prende in nome dello scomparso \u201cAndrea Ercolessi\u201d che fu tra i promotori di questa nuova societ\u00e0 e fu soprattutto un amico ed un dirigente instancabile sempre a disposizione per promuovere ed organizzare attivit\u00e0 che potessero avvicinare allo sport il maggior numero di ragazzi possibile.<\/p>\n\n\n\n<p>Dopo pochi anni nacque anche la sezione di ginnastica artistica che \u00e8 oggi una delle pi\u00f9 frequentate attivit\u00e0 del nostro territorio proprio perch\u00e9 propone ai bambini sia attivit\u00e0 di tipo ludico-motorie che attivit\u00e0 pi\u00f9 specialistiche ed agonistiche.<\/p>\n\n\n\n<figure class=\"wp-block-gallery has-nested-images columns-4 is-cropped wp-block-gallery-3 is-layout-flex wp-block-gallery-is-layout-flex\">\n<figure class=\"wp-block-image size-large\"><img decoding=\"async\" loading=\"lazy\" width=\"960\" height=\"611\" data-id=\"7257\" src=\"https:\/\/www.atletica75.it\/wp2\/wp-content\/uploads\/2022\/08\/1506908_284659648386221_6503024032852165515_n.jpeg\" alt=\"\" class=\"wp-image-7257\" srcset=\"https:\/\/www.atletica75.it\/wp2\/wp-content\/uploads\/2022\/08\/1506908_284659648386221_6503024032852165515_n.jpeg 960w, https:\/\/www.atletica75.it\/wp2\/wp-content\/uploads\/2022\/08\/1506908_284659648386221_6503024032852165515_n-480x306.jpeg 480w\" sizes=\"(min-width: 0px) and (max-width: 480px) 480px, (min-width: 481px) 960px, 100vw\" \/><\/figure>\n\n\n\n<figure class=\"wp-block-image size-large\"><img decoding=\"async\" loading=\"lazy\" width=\"960\" height=\"648\" data-id=\"7256\" src=\"https:\/\/www.atletica75.it\/wp2\/wp-content\/uploads\/2022\/08\/ginnaste-3.jpeg\" alt=\"\" class=\"wp-image-7256\" srcset=\"https:\/\/www.atletica75.it\/wp2\/wp-content\/uploads\/2022\/08\/ginnaste-3.jpeg 960w, https:\/\/www.atletica75.it\/wp2\/wp-content\/uploads\/2022\/08\/ginnaste-3-480x324.jpeg 480w\" sizes=\"(min-width: 0px) and (max-width: 480px) 480px, (min-width: 481px) 960px, 100vw\" \/><\/figure>\n\n\n\n<figure class=\"wp-block-image size-large\"><img decoding=\"async\" loading=\"lazy\" width=\"960\" height=\"630\" data-id=\"7255\" src=\"https:\/\/www.atletica75.it\/wp2\/wp-content\/uploads\/2022\/08\/anelli-1.jpeg\" alt=\"\" class=\"wp-image-7255\" srcset=\"https:\/\/www.atletica75.it\/wp2\/wp-content\/uploads\/2022\/08\/anelli-1.jpeg 960w, https:\/\/www.atletica75.it\/wp2\/wp-content\/uploads\/2022\/08\/anelli-1-480x315.jpeg 480w\" sizes=\"(min-width: 0px) and (max-width: 480px) 480px, (min-width: 481px) 960px, 100vw\" \/><\/figure>\n\n\n\n<figure class=\"wp-block-image size-large\"><img decoding=\"async\" loading=\"lazy\" width=\"960\" height=\"625\" data-id=\"7254\" src=\"https:\/\/www.atletica75.it\/wp2\/wp-content\/uploads\/2022\/08\/gruppo-ginnaste-1.jpeg\" alt=\"\" class=\"wp-image-7254\" srcset=\"https:\/\/www.atletica75.it\/wp2\/wp-content\/uploads\/2022\/08\/gruppo-ginnaste-1.jpeg 960w, https:\/\/www.atletica75.it\/wp2\/wp-content\/uploads\/2022\/08\/gruppo-ginnaste-1-480x313.jpeg 480w\" sizes=\"(min-width: 0px) and (max-width: 480px) 480px, (min-width: 481px) 960px, 100vw\" \/><\/figure>\n<\/figure>\n\n\n\n<p><\/p>\n\n\n\n<p>Questa associazione non ha fini di lucro, e si pone lo scopo di promuovere lo sport nel territorio&nbsp; con una visione il pi\u00f9 ampia possibile, cercando di rispettare le naturali esigenze dei ragazzi e delle famiglie che ne fanno parte.<\/p>\n\n\n\n<p>La societ\u00e0 opera in collaborazione con gli enti e le istituzioni locali e collabora assiduamente nell\u2019organizzazione delle diverse manifestazioni cittadine durante tutto l\u2019anno.<\/p>\n\n\n\n<figure class=\"wp-block-gallery has-nested-images columns-default is-cropped wp-block-gallery-5 is-layout-flex wp-block-gallery-is-layout-flex\">\n<figure class=\"wp-block-image size-large\"><img decoding=\"async\" loading=\"lazy\" width=\"960\" height=\"630\" data-id=\"7244\" src=\"https:\/\/www.atletica75.it\/wp2\/wp-content\/uploads\/2022\/08\/festival-del-sole.jpeg\" alt=\"\" class=\"wp-image-7244\" srcset=\"https:\/\/www.atletica75.it\/wp2\/wp-content\/uploads\/2022\/08\/festival-del-sole.jpeg 960w, https:\/\/www.atletica75.it\/wp2\/wp-content\/uploads\/2022\/08\/festival-del-sole-480x315.jpeg 480w\" sizes=\"(min-width: 0px) and (max-width: 480px) 480px, (min-width: 481px) 960px, 100vw\" \/><\/figure>\n\n\n\n<figure class=\"wp-block-image size-large\"><img decoding=\"async\" loading=\"lazy\" width=\"960\" height=\"657\" data-id=\"7243\" src=\"https:\/\/www.atletica75.it\/wp2\/wp-content\/uploads\/2022\/08\/alto-federica.jpeg\" alt=\"\" class=\"wp-image-7243\" srcset=\"https:\/\/www.atletica75.it\/wp2\/wp-content\/uploads\/2022\/08\/alto-federica.jpeg 960w, https:\/\/www.atletica75.it\/wp2\/wp-content\/uploads\/2022\/08\/alto-federica-480x329.jpeg 480w\" sizes=\"(min-width: 0px) and (max-width: 480px) 480px, (min-width: 481px) 960px, 100vw\" \/><\/figure>\n\n\n\n<figure class=\"wp-block-image size-large is-style-default\"><img decoding=\"async\" loading=\"lazy\" width=\"960\" height=\"585\" data-id=\"7241\" src=\"https:\/\/www.atletica75.it\/wp2\/wp-content\/uploads\/2022\/08\/gruppo-1.jpeg\" alt=\"\" class=\"wp-image-7241\" srcset=\"https:\/\/www.atletica75.it\/wp2\/wp-content\/uploads\/2022\/08\/gruppo-1.jpeg 960w, https:\/\/www.atletica75.it\/wp2\/wp-content\/uploads\/2022\/08\/gruppo-1-480x293.jpeg 480w\" sizes=\"(min-width: 0px) and (max-width: 480px) 480px, (min-width: 481px) 960px, 100vw\" \/><\/figure>\n\n\n\n<figure class=\"wp-block-image size-large\"><img decoding=\"async\" loading=\"lazy\" width=\"630\" height=\"960\" data-id=\"7246\" src=\"https:\/\/www.atletica75.it\/wp2\/wp-content\/uploads\/2022\/08\/asta-.jpeg\" alt=\"\" class=\"wp-image-7246\" srcset=\"https:\/\/www.atletica75.it\/wp2\/wp-content\/uploads\/2022\/08\/asta-.jpeg 630w, https:\/\/www.atletica75.it\/wp2\/wp-content\/uploads\/2022\/08\/asta--480x731.jpeg 480w\" sizes=\"(min-width: 0px) and (max-width: 480px) 480px, (min-width: 481px) 630px, 100vw\" \/><\/figure>\n\n\n\n<figure class=\"wp-block-image size-large\"><img decoding=\"async\" loading=\"lazy\" width=\"960\" height=\"656\" data-id=\"7247\" src=\"https:\/\/www.atletica75.it\/wp2\/wp-content\/uploads\/2022\/08\/salto-in-alto-franz.jpeg\" alt=\"\" class=\"wp-image-7247\" srcset=\"https:\/\/www.atletica75.it\/wp2\/wp-content\/uploads\/2022\/08\/salto-in-alto-franz.jpeg 960w, https:\/\/www.atletica75.it\/wp2\/wp-content\/uploads\/2022\/08\/salto-in-alto-franz-480x328.jpeg 480w\" sizes=\"(min-width: 0px) and (max-width: 480px) 480px, (min-width: 481px) 960px, 100vw\" \/><\/figure>\n<\/figure>\n\n\n\n<figure class=\"wp-block-gallery has-nested-images columns-default is-cropped wp-block-gallery-7 is-layout-flex wp-block-gallery-is-layout-flex\">\n<figure class=\"wp-block-image size-large\"><img decoding=\"async\" loading=\"lazy\" width=\"960\" height=\"641\" data-id=\"7258\" src=\"https:\/\/www.atletica75.it\/wp2\/wp-content\/uploads\/2022\/08\/festival-.jpeg\" alt=\"\" class=\"wp-image-7258\" srcset=\"https:\/\/www.atletica75.it\/wp2\/wp-content\/uploads\/2022\/08\/festival-.jpeg 960w, https:\/\/www.atletica75.it\/wp2\/wp-content\/uploads\/2022\/08\/festival--480x321.jpeg 480w\" sizes=\"(min-width: 0px) and (max-width: 480px) 480px, (min-width: 481px) 960px, 100vw\" \/><\/figure>\n\n\n\n<figure class=\"wp-block-image size-large\"><img decoding=\"async\" loading=\"lazy\" width=\"960\" height=\"755\" data-id=\"7259\" src=\"https:\/\/www.atletica75.it\/wp2\/wp-content\/uploads\/2022\/08\/ginnastica-gruppo.jpeg\" alt=\"\" class=\"wp-image-7259\" srcset=\"https:\/\/www.atletica75.it\/wp2\/wp-content\/uploads\/2022\/08\/ginnastica-gruppo.jpeg 960w, https:\/\/www.atletica75.it\/wp2\/wp-content\/uploads\/2022\/08\/ginnastica-gruppo-480x378.jpeg 480w\" sizes=\"(min-width: 0px) and (max-width: 480px) 480px, (min-width: 481px) 960px, 100vw\" \/><\/figure>\n<\/figure>\n","protected":false},"excerpt":{"rendered":"<p>Nasce proprio nel 1975 questa associazione sportiva che si occupa di ginnastica artistica, di atletica leggera e di podismo. Un gruppo di amici, appassionati per le gare podistiche decide di fondare una societ\u00e0 che si possa occupare anche dei pi\u00f9 giovani e che possa andare oltre le gare su strada. Iniziano cos\u00ec le prime esperienze [&hellip;]<\/p>\n","protected":false},"author":1,"featured_media":7227,"parent":5582,"menu_order":0,"comment_status":"closed","ping_status":"closed","template":"","meta":{"_et_pb_use_builder":"off","_et_pb_old_content":"","_et_gb_content_width":"","footnotes":""},"_links":{"self":[{"href":"https:\/\/www.atletica75.it\/wp2\/wp-json\/wp\/v2\/pages\/5592"}],"collection":[{"href":"https:\/\/www.atletica75.it\/wp2\/wp-json\/wp\/v2\/pages"}],"about":[{"href":"https:\/\/www.atletica75.it\/wp2\/wp-json\/wp\/v2\/types\/page"}],"author":[{"embeddable":true,"href":"https:\/\/www.atletica75.it\/wp2\/wp-json\/wp\/v2\/users\/1"}],"replies":[{"embeddable":true,"href":"https:\/\/www.atletica75.it\/wp2\/wp-json\/wp\/v2\/comments?post=5592"}],"version-history":[{"count":4,"href":"https:\/\/www.atletica75.it\/wp2\/wp-json\/wp\/v2\/pages\/5592\/revisions"}],"predecessor-version":[{"id":7260,"href":"https:\/\/www.atletica75.it\/wp2\/wp-json\/wp\/v2\/pages\/5592\/revisions\/7260"}],"up":[{"embeddable":true,"href":"https:\/\/www.atletica75.it\/wp2\/wp-json\/wp\/v2\/pages\/5582"}],"wp:featuredmedia":[{"embeddable":true,"href":"https:\/\/www.atletica75.it\/wp2\/wp-json\/wp\/v2\/media\/7227"}],"wp:attachment":[{"href":"https:\/\/www.atletica75.it\/wp2\/wp-json\/wp\/v2\/media?parent=5592"}],"curies":[{"name":"wp","href":"https:\/\/api.w.org\/{rel}","templated":true}]}}

<figure class="wp-block-post-featured-image"><img loading="lazy" width="960" height="695" src="https://www.atletica75.it/wp2/wp-content/uploads/2022/08/10481858_284658651719654_4447906312238028923_n.jpeg" class="attachment-post-thumbnail size-post-thumbnail wp-post-image" alt="" decoding="async" style="object-fit:cover;" srcset="https://www.atletica75.it/wp2/wp-content/uploads/2022/08/10481858_284658651719654_4447906312238028923_n.jpeg 960w, https://www.atletica75.it/wp2/wp-content/uploads/2022/08/10481858_284658651719654_4447906312238028923_n-480x348.jpeg 480w" sizes="(min-width: 0px) and (max-width: 480px) 480px, (min-width: 481px) 960px, 100vw" /></figure>


<p></p>



<p>Nasce proprio nel 1975 questa associazione sportiva che si occupa di ginnastica artistica, di atletica leggera e di podismo.</p>



<p>Un gruppo di amici, appassionati per le gare podistiche decide di fondare una società che si possa occupare anche dei più giovani e che possa andare oltre le gare su strada.</p>



<p>Iniziano così le prime esperienze con l’atletica leggera, quella fatta non solo di corse, ma anche di salti, di lanci e di ostacoli; questa novità appassiona subito i ragazzi della zona che diventano subito protagonisti.</p>



<figure class="wp-block-gallery has-nested-images columns-4 is-cropped wp-block-gallery-1 is-layout-flex wp-block-gallery-is-layout-flex">
<figure class="wp-block-image size-medium"><img decoding="async" loading="lazy" width="300" height="264" data-id="7252" src="https://www.atletica75.it/wp2/wp-content/uploads/2022/08/fondatori-1-300x264.jpeg" alt="" class="wp-image-7252"/></figure>



<figure class="wp-block-image size-medium"><img decoding="async" loading="lazy" width="204" height="300" data-id="7245" src="https://www.atletica75.it/wp2/wp-content/uploads/2022/08/atto-costitutivo-204x300.jpeg" alt="" class="wp-image-7245"/></figure>



<figure class="wp-block-image size-medium"><img decoding="async" loading="lazy" width="203" height="300" data-id="7240" src="https://www.atletica75.it/wp2/wp-content/uploads/2022/08/ercolessi-via-203x300.jpeg" alt="" class="wp-image-7240"/></figure>



<figure class="wp-block-image size-medium"><img decoding="async" loading="lazy" width="300" height="201" data-id="7250" src="https://www.atletica75.it/wp2/wp-content/uploads/2022/08/struttura-300x201.jpeg" alt="" class="wp-image-7250"/></figure>
</figure>



<p>L’atletica sente però l’esigenza di avere un posto dove potersi allenare anche in inverno e dove poter affrontare una buona preparazione durante i mesi più freddi. Proprio per questo tutti i componenti del neonato consiglio si rimboccano le maniche e con l’appoggio delle istituzioni locali che concedono&nbsp; un lotto di terra nella zona stadio, si costruisce una palestra multiuso, in grado di ospitare decine di ragazzi.</p>



<p>La nuova palestra prende in nome dello scomparso “Andrea Ercolessi” che fu tra i promotori di questa nuova società e fu soprattutto un amico ed un dirigente instancabile sempre a disposizione per promuovere ed organizzare attività che potessero avvicinare allo sport il maggior numero di ragazzi possibile.</p>



<p>Dopo pochi anni nacque anche la sezione di ginnastica artistica che è oggi una delle più frequentate attività del nostro territorio proprio perché propone ai bambini sia attività di tipo ludico-motorie che attività più specialistiche ed agonistiche.</p>



<figure class="wp-block-gallery has-nested-images columns-4 is-cropped wp-block-gallery-3 is-layout-flex wp-block-gallery-is-layout-flex">
<figure class="wp-block-image size-large"><img decoding="async" loading="lazy" width="960" height="611" data-id="7257" src="https://www.atletica75.it/wp2/wp-content/uploads/2022/08/1506908_284659648386221_6503024032852165515_n.jpeg" alt="" class="wp-image-7257" srcset="https://www.atletica75.it/wp2/wp-content/uploads/2022/08/1506908_284659648386221_6503024032852165515_n.jpeg 960w, https://www.atletica75.it/wp2/wp-content/uploads/2022/08/1506908_284659648386221_6503024032852165515_n-480x306.jpeg 480w" sizes="(min-width: 0px) and (max-width: 480px) 480px, (min-width: 481px) 960px, 100vw" /></figure>



<figure class="wp-block-image size-large"><img decoding="async" loading="lazy" width="960" height="648" data-id="7256" src="https://www.atletica75.it/wp2/wp-content/uploads/2022/08/ginnaste-3.jpeg" alt="" class="wp-image-7256" srcset="https://www.atletica75.it/wp2/wp-content/uploads/2022/08/ginnaste-3.jpeg 960w, https://www.atletica75.it/wp2/wp-content/uploads/2022/08/ginnaste-3-480x324.jpeg 480w" sizes="(min-width: 0px) and (max-width: 480px) 480px, (min-width: 481px) 960px, 100vw" /></figure>



<figure class="wp-block-image size-large"><img decoding="async" loading="lazy" width="960" height="630" data-id="7255" src="https://www.atletica75.it/wp2/wp-content/uploads/2022/08/anelli-1.jpeg" alt="" class="wp-image-7255" srcset="https://www.atletica75.it/wp2/wp-content/uploads/2022/08/anelli-1.jpeg 960w, https://www.atletica75.it/wp2/wp-content/uploads/2022/08/anelli-1-480x315.jpeg 480w" sizes="(min-width: 0px) and (max-width: 480px) 480px, (min-width: 481px) 960px, 100vw" /></figure>



<figure class="wp-block-image size-large"><img decoding="async" loading="lazy" width="960" height="625" data-id="7254" src="https://www.atletica75.it/wp2/wp-content/uploads/2022/08/gruppo-ginnaste-1.jpeg" alt="" class="wp-image-7254" srcset="https://www.atletica75.it/wp2/wp-content/uploads/2022/08/gruppo-ginnaste-1.jpeg 960w, https://www.atletica75.it/wp2/wp-content/uploads/2022/08/gruppo-ginnaste-1-480x313.jpeg 480w" sizes="(min-width: 0px) and (max-width: 480px) 480px, (min-width: 481px) 960px, 100vw" /></figure>
</figure>



<p></p>



<p>Questa associazione non ha fini di lucro, e si pone lo scopo di promuovere lo sport nel territorio&nbsp; con una visione il più ampia possibile, cercando di rispettare le naturali esigenze dei ragazzi e delle famiglie che ne fanno parte.</p>



<p>La società opera in collaborazione con gli enti e le istituzioni locali e collabora assiduamente nell’organizzazione delle diverse manifestazioni cittadine durante tutto l’anno.</p>



<figure class="wp-block-gallery has-nested-images columns-default is-cropped wp-block-gallery-5 is-layout-flex wp-block-gallery-is-layout-flex">
<figure class="wp-block-image size-large"><img decoding="async" loading="lazy" width="960" height="630" data-id="7244" src="https://www.atletica75.it/wp2/wp-content/uploads/2022/08/festival-del-sole.jpeg" alt="" class="wp-image-7244" srcset="https://www.atletica75.it/wp2/wp-content/uploads/2022/08/festival-del-sole.jpeg 960w, https://www.atletica75.it/wp2/wp-content/uploads/2022/08/festival-del-sole-480x315.jpeg 480w" sizes="(min-width: 0px) and (max-width: 480px) 480px, (min-width: 481px) 960px, 100vw" /></figure>



<figure class="wp-block-image size-large"><img decoding="async" loading="lazy" width="960" height="657" data-id="7243" src="https://www.atletica75.it/wp2/wp-content/uploads/2022/08/alto-federica.jpeg" alt="" class="wp-image-7243" srcset="https://www.atletica75.it/wp2/wp-content/uploads/2022/08/alto-federica.jpeg 960w, https://www.atletica75.it/wp2/wp-content/uploads/2022/08/alto-federica-480x329.jpeg 480w" sizes="(min-width: 0px) and (max-width: 480px) 480px, (min-width: 481px) 960px, 100vw" /></figure>



<figure class="wp-block-image size-large is-style-default"><img decoding="async" loading="lazy" width="960" height="585" data-id="7241" src="https://www.atletica75.it/wp2/wp-content/uploads/2022/08/gruppo-1.jpeg" alt="" class="wp-image-7241" srcset="https://www.atletica75.it/wp2/wp-content/uploads/2022/08/gruppo-1.jpeg 960w, https://www.atletica75.it/wp2/wp-content/uploads/2022/08/gruppo-1-480x293.jpeg 480w" sizes="(min-width: 0px) and (max-width: 480px) 480px, (min-width: 481px) 960px, 100vw" /></figure>



<figure class="wp-block-image size-large"><img decoding="async" loading="lazy" width="630" height="960" data-id="7246" src="https://www.atletica75.it/wp2/wp-content/uploads/2022/08/asta-.jpeg" alt="" class="wp-image-7246" srcset="https://www.atletica75.it/wp2/wp-content/uploads/2022/08/asta-.jpeg 630w, https://www.atletica75.it/wp2/wp-content/uploads/2022/08/asta--480x731.jpeg 480w" sizes="(min-width: 0px) and (max-width: 480px) 480px, (min-width: 481px) 630px, 100vw" /></figure>



<figure class="wp-block-image size-large"><img decoding="async" loading="lazy" width="960" height="656" data-id="7247" src="https://www.atletica75.it/wp2/wp-content/uploads/2022/08/salto-in-alto-franz.jpeg" alt="" class="wp-image-7247" srcset="https://www.atletica75.it/wp2/wp-content/uploads/2022/08/salto-in-alto-franz.jpeg 960w, https://www.atletica75.it/wp2/wp-content/uploads/2022/08/salto-in-alto-franz-480x328.jpeg 480w" sizes="(min-width: 0px) and (max-width: 480px) 480px, (min-width: 481px) 960px, 100vw" /></figure>
</figure>



<figure class="wp-block-gallery has-nested-images columns-default is-cropped wp-block-gallery-7 is-layout-flex wp-block-gallery-is-layout-flex">
<figure class="wp-block-image size-large"><img decoding="async" loading="lazy" width="960" height="641" data-id="7258" src="https://www.atletica75.it/wp2/wp-content/uploads/2022/08/festival-.jpeg" alt="" class="wp-image-7258" srcset="https://www.atletica75.it/wp2/wp-content/uploads/2022/08/festival-.jpeg 960w, https://www.atletica75.it/wp2/wp-content/uploads/2022/08/festival--480x321.jpeg 480w" sizes="(min-width: 0px) and (max-width: 480px) 480px, (min-width: 481px) 960px, 100vw" /></figure>



<figure class="wp-block-image size-large"><img decoding="async" loading="lazy" width="960" height="755" data-id="7259" src="https://www.atletica75.it/wp2/wp-content/uploads/2022/08/ginnastica-gruppo.jpeg" alt="" class="wp-image-7259" srcset="https://www.atletica75.it/wp2/wp-content/uploads/2022/08/ginnastica-gruppo.jpeg 960w, https://www.atletica75.it/wp2/wp-content/uploads/2022/08/ginnastica-gruppo-480x378.jpeg 480w" sizes="(min-width: 0px) and (max-width: 480px) 480px, (min-width: 481px) 960px, 100vw" /></figure>
</figure>

<p>Nasce proprio nel 1975 questa associazione sportiva che si occupa di ginnastica artistica, di atletica leggera e di podismo. Un gruppo di amici, appassionati per le gare podistiche decide di fondare una società che si possa occupare anche dei più giovani e che possa andare oltre le gare su strada. Iniziano così le prime esperienze [&hellip;]</p>
