{"id":6741,"date":"2022-01-22T22:44:05","date_gmt":"2022-01-22T22:44:05","guid":{"rendered":"https:\/\/www.atletica75.it\/wp2\/?page_id=6741"},"modified":"2026-04-09T06:06:51","modified_gmt":"2026-04-09T06:06:51","slug":"corpo-libero-adulti","status":"publish","type":"page","link":"https:\/\/www.atletica75.it\/wp2\/corsi\/corpo-libero-adulti\/","title":{"rendered":"FLESSIBILITA&#8217; CORPOREA"},"content":{"rendered":"[et_pb_section admin_label=&#8221;section&#8221;]\n\t\t\t[et_pb_row admin_label=&#8221;row&#8221;]\n\t\t\t\t[et_pb_column type=&#8221;4_4&#8243;][et_pb_text admin_label=&#8221;Text&#8221;]\n<p>CORSO PER ADULTI<\/p>\n\n\n\n<p>Le attivit\u00e0 si sviluppano in tre ore settimanali e si prefiggono un miglioramento dello stato fisico generale privilegiando esercizi di flessibilit\u00e0, mobilit\u00e0 articolare e di tonificazione muscolare. Non mancher\u00e0 la cura dell&#8217;aspetto cardio-circolatorio.<\/p>\n\n\n\n<h2 class=\"wp-block-heading\">Orari: <\/h2>\n\n\n\n<p>Luned\u00ec &#8211; Mercoled\u00ec &#8211; Venerd\u00ec dalle 19:45 alle 20:45<\/p>\n[\/et_pb_text][\/et_pb_column]\n\t\t\t[\/et_pb_row]\n\t\t[\/et_pb_section]","protected":false},"excerpt":{"rendered":"<p>CORSO PER ADULTI Le attivit\u00e0 si sviluppano in tre ore settimanali e si prefiggono un miglioramento dello stato fisico generale privilegiando esercizi di flessibilit\u00e0, mobilit\u00e0 articolare e di tonificazione muscolare. Non mancher\u00e0 la cura dell&#8217;aspetto cardio-circolatorio. Orari: Luned\u00ec &#8211; Mercoled\u00ec &#8211; Venerd\u00ec dalle 19:45 alle 20:45<\/p>\n","protected":false},"author":1,"featured_media":0,"parent":23,"menu_order":0,"comment_status":"closed","ping_status":"closed","template":"","meta":{"_et_pb_use_builder":"on","_et_pb_old_content":"<!-- wp:paragraph -->\n<p>CORSO PER ADULTI<\/p>\n<!-- \/wp:paragraph -->\n\n<!-- wp:paragraph -->\n<p>Le attivit\u00e0 si sviluppano in tre ore settimanali e si prefiggono un miglioramento dello stato fisico generale privilegiando esercizi di flessibilit\u00e0, mobilit\u00e0 articolare e di tonificazione muscolare. Non mancher\u00e0 la cura dell'aspetto cardio-circolatorio.<\/p>\n<!-- \/wp:paragraph -->\n\n<!-- wp:heading -->\n<h2 class=\"wp-block-heading\">Orari: <\/h2>\n<!-- \/wp:heading -->\n\n<!-- wp:paragraph -->\n<p>Luned\u00ec - Mercoled\u00ec - Venerd\u00ec dalle 19:45 alle 20:45<\/p>\n<!-- \/wp:paragraph -->","_et_gb_content_width":"","footnotes":""},"_links":{"self":[{"href":"https:\/\/www.atletica75.it\/wp2\/wp-json\/wp\/v2\/pages\/6741"}],"collection":[{"href":"https:\/\/www.atletica75.it\/wp2\/wp-json\/wp\/v2\/pages"}],"about":[{"href":"https:\/\/www.atletica75.it\/wp2\/wp-json\/wp\/v2\/types\/page"}],"author":[{"embeddable":true,"href":"https:\/\/www.atletica75.it\/wp2\/wp-json\/wp\/v2\/users\/1"}],"replies":[{"embeddable":true,"href":"https:\/\/www.atletica75.it\/wp2\/wp-json\/wp\/v2\/comments?post=6741"}],"version-history":[{"count":7,"href":"https:\/\/www.atletica75.it\/wp2\/wp-json\/wp\/v2\/pages\/6741\/revisions"}],"predecessor-version":[{"id":8001,"href":"https:\/\/www.atletica75.it\/wp2\/wp-json\/wp\/v2\/pages\/6741\/revisions\/8001"}],"up":[{"embeddable":true,"href":"https:\/\/www.atletica75.it\/wp2\/wp-json\/wp\/v2\/pages\/23"}],"wp:attachment":[{"href":"https:\/\/www.atletica75.it\/wp2\/wp-json\/wp\/v2\/media?parent=6741"}],"curies":[{"name":"wp","href":"https:\/\/api.w.org\/{rel}","templated":true}]}}

[et_pb_section admin_label=&#8221;section&#8221;]
			[et_pb_row admin_label=&#8221;row&#8221;]
				[et_pb_column type=&#8221;4_4&#8243;][et_pb_text admin_label=&#8221;Text&#8221;]
<p>CORSO PER ADULTI</p>



<p>Le attività si sviluppano in tre ore settimanali e si prefiggono un miglioramento dello stato fisico generale privilegiando esercizi di flessibilità, mobilità articolare e di tonificazione muscolare. Non mancherà la cura dell&#8217;aspetto cardio-circolatorio.</p>



<h2 class="wp-block-heading">Orari: </h2>



<p>Lunedì &#8211; Mercoledì &#8211; Venerdì dalle 19:45 alle 20:45</p>
[/et_pb_text][/et_pb_column]
			[/et_pb_row]
		[/et_pb_section]

<p>CORSO PER ADULTI Le attività si sviluppano in tre ore settimanali e si prefiggono un miglioramento dello stato fisico generale privilegiando esercizi di flessibilità, mobilità articolare e di tonificazione muscolare. Non mancherà la cura dell&#8217;aspetto cardio-circolatorio. Orari: Lunedì &#8211; Mercoledì &#8211; Venerdì dalle 19:45 alle 20:45</p>

<!-- wp:paragraph -->
<p>CORSO PER ADULTI</p>
<!-- /wp:paragraph -->

<!-- wp:paragraph -->
<p>Le attività si sviluppano in tre ore settimanali e si prefiggono un miglioramento dello stato fisico generale privilegiando esercizi di flessibilità, mobilità articolare e di tonificazione muscolare. Non mancherà la cura dell'aspetto cardio-circolatorio.</p>
<!-- /wp:paragraph -->

<!-- wp:heading -->
<h2 class="wp-block-heading">Orari: </h2>
<!-- /wp:heading -->

<!-- wp:paragraph -->
<p>Lunedì - Mercoledì - Venerdì dalle 19:45 alle 20:45</p>
<!-- /wp:paragraph -->
